on factor of 5029 and 37318?
47
Calculate the greatest common factor of 4599 and 385.
7
Calculate the highest common factor of 1653484 and 28.
28
Calculate the highest common factor of 41724 and 2989.
61
Calculate the greatest common divisor of 108 and 992709.
27
What is the highest common divisor of 147939 and 33?
33
What is the highest common factor of 15194 and 642?
214
What is the highest common factor of 1453 and 12211012?
1453
What is the highest common factor of 4184 and 56?
8
What is the highest common divisor of 41607 and 37881?
621
Calculate the greatest common divisor of 171 and 311049.
171
Calculate the highest common factor of 189 and 172179.
189
Calculate the highest common divisor of 4182 and 255.
51
What is the greatest common divisor of 9621 and 72?
9
Calculate the greatest common factor of 130080 and 2560.
160
What is the highest common divisor of 1328 and 82904?
8
What is the highest common divisor of 21571 and 159?
53
Calculate the greatest common divisor of 11 and 319297.
11
Calculate the highest common divisor of 4356 and 1476.
36
Calculate the greatest common factor of 288523 and 327.
109
Calculate the greatest common divisor of 9503 and 51.
17
What is the highest common divisor of 3880 and 12520?
40
Calculate the highest common divisor of 218990 and 18.
2
What is the highest common divisor of 1896 and 1513956?
948
Calculate the highest common divisor of 5750 and 28060.
230
Calculate the greatest common factor of 240 and 204420.
60
Calculate the greatest common factor of 4842 and 14256.
18
Calculate the greatest common factor of 871108 and 53.
53
Calculate the greatest common factor of 320719 and 21.
7
Calculate the greatest common divisor of 253974 and 28.
14
What is the highest common divisor of 6955 and 55835?
65
What is the highest common factor of 1902 and 192?
6
Calculate the highest common divisor of 1216 and 53200.
304
Calculate the highest common divisor of 10 and 27902350.
10
Calculate the greatest common factor of 1769 and 28792.
61
Calculate the greatest common factor of 45 and 1731321.
9
What is the highest common divisor of 538 and 13181?
269
Calculate the highest common factor of 263 and 11690087.
263
What is the highest common factor of 8585 and 55?
5
Calculate the highest common divisor of 39130 and 1075.
215
What is the highest common factor of 20 and 1870?
10
Calculate the greatest common factor of 1276 and 105212.
116
Calculate the highest common divisor of 1416998 and 4466.
638
What is the highest common factor of 442 and 54704?
26
Calculate the greatest common factor of 3750 and 85650.
150
What is the greatest common factor of 20155 and 7250?
145
What is the greatest common factor of 6 and 102296?
2
What is the greatest common factor of 8 and 535752?
8
What is the greatest common divisor of 34738 and 506?
22
Calculate the greatest common divisor of 3936 and 12300.
492
Calculate the highest common factor of 521270 and 40.
10
What is the greatest common factor of 78 and 337194?
78
What is the greatest common divisor of 14154 and 273?
21
What is the highest common divisor of 219 and 12253342?
73
Calculate the greatest common factor of 588810 and 30.
30
Calculate the greatest common divisor of 66582 and 9042.
822
Calculate the highest common factor of 12 and 385638.
6
What is the highest common factor of 6666 and 462?
66
Calculate the greatest common divisor of 16 and 20936.
8
Calculate the greatest common factor of 40 and 140.
20
Calculate the greatest common divisor of 35793 and 369.
369
Calculate the greatest common factor of 1650 and 1558150.
550
What is the highest common divisor of 3619 and 61006?
517
What is the highest common factor of 82 and 384826?
82
Calculate the highest common factor of 45844 and 4.
4
What is the greatest common divisor of 946 and 280102?
86
What is the greatest common divisor of 121506 and 1540?
154
Calculate the greatest common factor of 1198094 and 603.
67
What is the highest common divisor of 8 and 29944?
8
Calculate the highest common divisor of 895 and 11435.
5
What is the highest common factor of 729 and 40500?
81
What is the highest common factor of 17108 and 18142?
94
Calculate the highest common divisor of 530 and 40598.
106
What is the highest common factor of 7008 and 5913?
219
What is the highest common factor of 733668 and 1092?
156
What is the highest common divisor of 15351 and 63?
21
What is the greatest common divisor of 8181 and 25149?
303
What is the greatest common factor of 2250 and 923250?
750
Calculate the highest common divisor of 1625 and 1525.
25
Calculate the greatest common factor of 3220 and 3430.
70
What is the highest common divisor of 63597 and 102?
51
Calculate the greatest common divisor of 2709 and 567.
63
Calculate the highest common factor of 359397 and 2187.
729
Calculate the highest common divisor of 33924 and 5214.
66
Calculate the greatest common factor of 1008 and 57351.
21
What is the greatest common divisor of 476 and 19474?
14
Calculate the highest common factor of 1164328 and 88.
88
Calculate the highest common factor of 8 and 4312.
8
What is the highest common factor of 1834 and 1011451?
917
What is the greatest common divisor of 7 and 7223?
1
What is the greatest common divisor of 19312 and 976?
16
Calculate the greatest common divisor of 188522 and 10.
2
Calculate the highest common factor of 3498 and 858.
66
Calculate the highest common factor of 3600 and 1520.
80
What is the greatest common factor of 1885 and 49985?
65
Calculate the greatest common divisor of 1184 and 992.
32
Calculate the highest common factor of 2604 and 798.
42
Calculate the greatest common divisor of 2960 and 1567024.
592
Calculate the highest common divisor of 23121 and 912729.
1101
Calculate the greatest common factor of 3263 and 117.
13
What is the highest common divisor of 38771 and 137?
137
Calculate the greatest common divisor of 367064 and 272.
136
What is the highest common factor of 1956 and 12?
12
Calculate the greatest common factor of 2830058 and 238.
238
Calculate the greatest common factor of 245195 and 1520.
95
What is the greatest common factor of 184 and 740876?
92
Calculate the highest common factor of 270 and 540864.
54
What is the highest common divisor of 20301 and 26058?
303
What is the greatest common divisor of 3 and 24?
3
Calculate the greatest common divisor of 4012 and 17000.
68
What is the highest common factor of 4972 and 132?
44
What is the greatest common factor of 110 and 2222?
22
Calculate the highest common divisor of 24 and 10122.
6
What is the greatest common divisor of 9480 and 87374?
158
What is the highest common factor of 15324 and 60?
12
What is the highest common divisor of 158 and 1319774?
158
What is the greatest common factor of 45066 and 4263?
609
Calculate the greatest common divisor of 47272 and 57.
19
Calculate the greatest common factor of 113270 and 1928.
482
What is the greatest common factor of 4862 and 192270?
442
Calculate the highest common factor of 77812 and 40494.
794
Calculate the greatest common divisor of 300788 and 58.
58
What is the greatest common divisor of 325 and 98397?
13
What is the highest common divisor of 616 and 21208?
88
Calculate the highest common factor of 260 and 358540.
260
What is the highest common divisor of 68735 and 236?
59
Calculate the greatest common divisor of 13616 and 284832.
368
Calculate the highest common divisor of 396 and 31438.
22
Calculate the greatest common divisor of 96 and 34872.
24
What is the highest common divisor of 80 and 360375?
5
Calculate the highest common divisor of 447 and 29.
1
What is the highest common factor of 68397 and 21?
21
Calculate the greatest common factor of 1152 and 6498.
18
Calculate the greatest common divisor of 53821 and 749.
107
Calculate the greatest common factor of 2872 and 1224.
8
What is the highest common divisor of 170083 and 1415?
283
Calculate the greatest common factor of 408 and 410754.
102
Calculate the greatest common factor of 6396 and 243516.
156
What is the greatest common factor of 10 and 4105?
5
Calculate the highest common divisor of 12 and 107580.
12
Calculate the greatest common divisor of 59 and 237475.
59
What is the greatest common factor of 672 and 221984?
224
What is the greatest common facto